{"id":57,"date":"2019-12-20T08:39:41","date_gmt":"2019-12-20T07:39:41","guid":{"rendered":"https:\/\/omzz.cp2.tuke.sk\/?page_id=57"},"modified":"2019-12-20T08:39:41","modified_gmt":"2019-12-20T07:39:41","slug":"moznosti-spoluprace","status":"publish","type":"page","link":"https:\/\/omzz.fberg.tuke.sk\/?page_id=57","title":{"rendered":"Mo\u017enosti spolupr\u00e1ce"},"content":{"rendered":"\n<p>Oddelenie mana\u017e\u00e9rstva zemsk\u00fdch zdrojov (OMZZ)  je s\u00fa\u010das\u0165ou \u00dastavu zemsk\u00fdch zdrojov FBERG, TUKE, zaober\u00e1 sa vedecko-v\u00fdskumnou, vzdel\u00e1vacou  a expert\u00edznou \u010dinnos\u0165ou pokr\u00fdvaj\u00facou \u0161irok\u00fa oblas\u0165 procesov z\u00edskavania,  spracovania, vyu\u017e\u00edvania a ochrany zemsk\u00fdch zdrojov. V r\u00e1mci OMZZ je kladen\u00fd d\u00f4raz hlavne  z\u00edskavanie a spracovanie,  ekonomiku a mana\u017ement z\u00edskavania a pracovania  zemsk\u00fdch zdrojov, a to s prihliadnut\u00edm na energetick\u00fd mana\u017ement a  vyu\u017eitie obnovite\u013en\u00fdch  zdrojov. <br><br><strong>Pon\u00fakame spolupr\u00e1cu so zameran\u00edm na:<\/strong><br><strong>Pos\u00fadenie vyu\u017eite\u013enosti zemsk\u00fdch zdrojov v praxi<\/strong> (Zhodnotenie vyu\u017eitia a stavu zemsk\u00fdch zdrojov), <br><em><strong>Oce\u0148ovanie zemsk\u00fdch zdrojov<\/strong><\/em> (Pon\u00fakame oce\u0148ovanie zemsk\u00fdch zdrojov, na z\u00e1klade metodiky a met\u00f3d vyvinut\u00fdch a pou\u017e\u00edvan\u00fdch na na\u0161om pracovisku), <br><em><strong>Ekonomika a mana\u017ement podniku<\/strong><\/em> (Anal\u00fdza a n\u00e1vrh riadenia podniku),<br><em><strong>Podnikate\u013esk\u00e9 prostredie v odvetv\u00ed a tvorba podnikate\u013esk\u00fdch pl\u00e1nov<\/strong><\/em> (Anal\u00fdza podnikate\u013esk\u00e9ho prostredia a tvorba podnikate\u013esk\u00fdch pl\u00e1nov)<br><em><strong>Anal\u00fdza a vyhodnocovanie nameran\u00fdch \u00fadajov<\/strong><\/em>,   <br><em><strong>Surovinov\u00fd marketing<\/strong><\/em> (Vypracovanie strat\u00e9gi\u00ed pre jednotliv\u00e9 suroviny), <br><em><strong>Energetick\u00fd mana\u017ement<\/strong><\/em>, <br><strong><em>Vzdel\u00e1vanie v oblasti mana\u017e\u00e9rstva zemsk\u00fdch zdrojov<\/em><\/strong> (Ponuka vzdel\u00e1vania v danej oblasti) <br><br>Pre kvalitnej\u0161ie spracovanie \u00fadajov si <em>tvor\u00edme a analyzujeme <strong>DATAB\u00c1ZY<\/strong><\/em>,  pre tvorbu ktor\u00fdch st\u00e1le h\u013ead\u00e1me poskytovate\u013eov d\u00e1t z praxe, ktor\u00e9 bud\u00fa sl\u00fa\u017ei\u0165 pre \u010fal\u0161ie spracovanie. <\/p>\n","protected":false},"excerpt":{"rendered":"<p>Oddelenie mana\u017e\u00e9rstva zemsk\u00fdch zdrojov (OMZZ) je s\u00fa\u010das\u0165ou \u00dastavu zemsk\u00fdch zdrojov FBERG, TUKE, zaober\u00e1 sa vedecko-v\u00fdskumnou, vzdel\u00e1vacou a expert\u00edznou \u010dinnos\u0165ou pokr\u00fdvaj\u00facou \u0161irok\u00fa oblas\u0165 procesov z\u00edskavania, spracovania, vyu\u017e\u00edvania a ochrany zemsk\u00fdch zdrojov. V r\u00e1mci OMZZ je kladen\u00fd d\u00f4raz hlavne z\u00edskavanie a spracovanie,&hellip; <\/p>\n","protected":false},"author":1,"featured_media":0,"parent":0,"menu_order":0,"comment_status":"closed","ping_status":"closed","template":"","meta":{"footnotes":""},"class_list":["post-57","page","type-page","status-publish","hentry"],"_links":{"self":[{"href":"https:\/\/omzz.fberg.tuke.sk\/index.php?rest_route=\/wp\/v2\/pages\/57","targetHints":{"allow":["GET"]}}],"collection":[{"href":"https:\/\/omzz.fberg.tuke.sk\/index.php?rest_route=\/wp\/v2\/pages"}],"about":[{"href":"https:\/\/omzz.fberg.tuke.sk\/index.php?rest_route=\/wp\/v2\/types\/page"}],"author":[{"embeddable":true,"href":"https:\/\/omzz.fberg.tuke.sk\/index.php?rest_route=\/wp\/v2\/users\/1"}],"replies":[{"embeddable":true,"href":"https:\/\/omzz.fberg.tuke.sk\/index.php?rest_route=%2Fwp%2Fv2%2Fcomments&post=57"}],"version-history":[{"count":0,"href":"https:\/\/omzz.fberg.tuke.sk\/index.php?rest_route=\/wp\/v2\/pages\/57\/revisions"}],"wp:attachment":[{"href":"https:\/\/omzz.fberg.tuke.sk\/index.php?rest_route=%2Fwp%2Fv2%2Fmedia&parent=57"}],"curies":[{"name":"wp","href":"https:\/\/api.w.org\/{rel}","templated":true}]}}